6820?
8
What is the units digit of 1191?
1
What is the tens digit of 70149?
4
What is the tens digit of 4278?
7
What is the units digit of 980?
0
What is the hundreds digit of 2094?
0
What is the tens digit of 18?
1
What is the tens digit of 1005?
0
What is the thousands digit of 14737?
4
What is the hundreds digit of 803?
8
What is the thousands digit of 4804?
4
What is the hundreds digit of 38625?
6
What is the thousands digit of 3930?
3
What is the thousands digit of 5689?
5
What is the ten thousands digit of 53584?
5
What is the hundreds digit of 180768?
7
What is the thousands digit of 1136?
1
What is the units digit of 21307?
7
What is the tens digit of 433?
3
What is the ten thousands digit of 48840?
4
What is the units digit of 496?
6
What is the units digit of 9448?
8
What is the tens digit of 3649?
4
What is the units digit of 902?
2
What is the ten thousands digit of 42690?
4
What is the hundreds digit of 30099?
0
What is the hundreds digit of 2392?
3
What is the hundreds digit of 1652?
6
What is the tens digit of 1144?
4
What is the hundreds digit of 731?
7
What is the units digit of 29444?
4
What is the units digit of 4414?
4
What is the thousands digit of 48321?
8
What is the thousands digit of 5125?
5
What is the ten thousands digit of 46036?
4
What is the units digit of 54865?
5
What is the hundreds digit of 3862?
8
What is the thousands digit of 9245?
9
What is the hundreds digit of 931?
9
What is the tens digit of 19023?
2
What is the hundreds digit of 2316?
3
What is the tens digit of 8698?
9
What is the hundreds digit of 95058?
0
What is the hundreds digit of 102168?
1
What is the tens digit of 249?
4
What is the units digit of 4290?
0
What is the units digit of 29936?
6
What is the thousands digit of 5930?
5
What is the units digit of 427?
7
What is the ten thousands digit of 15002?
1
What is the tens digit of 284?
8
What is the thousands digit of 1075?
1
What is the hundreds digit of 7479?
4
What is the thousands digit of 4025?
4
What is the hundreds digit of 6787?
7
What is the units digit of 3606?
6
What is the hundreds digit of 348?
3
What is the thousands digit of 3983?
3
What is the hundreds digit of 1040?
0
What is the thousands digit of 3671?
3
What is the tens digit of 3197?
9
What is the units digit of 6872?
2
What is the tens digit of 24955?
5
What is the ten thousands digit of 15858?
1
What is the tens digit of 318?
1
What is the hundreds digit of 15798?
7
What is the hundreds digit of 738?
7
What is the thousands digit of 34339?
4
What is the units digit of 5459?
9
What is the hundreds digit of 6918?
9
What is the thousands digit of 14560?
4
What is the thousands digit of 3450?
3
What is the ten thousands digit of 33021?
3
What is the thousands digit of 1483?
1
What is the units digit of 2861?
1
What is the hundreds digit of 5213?
2
What is the hundreds digit of 454?
4
What is the thousands digit of 5160?
5
What is the tens digit of 7628?
2
What is the hundreds digit of 4525?
5
What is the thousands digit of 72516?
2
What is the tens digit of 788?
8
What is the units digit of 586?
6
What is the tens digit of 1710?
1
What is the ten thousands digit of 12826?
1
What is the hundreds digit of 3508?
5
What is the ten thousands digit of 124517?
2
What is the tens digit of 1708?
0
What is the tens digit of 55006?
0
What is the units digit of 61669?
9
What is the thousands digit of 1815?
1
What is the tens digit of 2355?
5
What is the units digit of 47138?
8
What is the ten thousands digit of 12150?
1
What is the thousands digit of 27972?
7
What is the thousands digit of 20966?
0
What is the tens digit of 11886?
8
What is the thousands digit of 12098?
2
What is the tens digit of 1828?
2
What is the hundreds digit of 692?
6
What is the units digit of 840?
0
What is the hundreds digit of 2103?
1
What is the thousands digit of 4269?
4
What is the thousands digit of 2556?
2
What is the units digit of 806?
6
What is the units digit of 84941?
1
What is the tens digit of 9142?
4
What is the thousands digit of 41738?
1
What is the thousands digit of 1535?
1
What is the hundreds digit of 22365?
3
What is the tens digit of 16636?
3
What is the units digit of 2171?
1
What is the tens digit of 32631?
3
What is the units digit of 458?
8
What is the hundreds digit of 8117?
1
What is the tens digit of 17467?
6
What is the thousands digit of 32381?
2
What is the hundreds digit of 1453?
4
What is the tens digit of 3489?
8
What is the thousands digit of 9831?
9
What is the thousands digit of 2006?
2
What is the hundreds digit of 542?
5
What is the hundreds digit of 4182?
1
What is the units digit of 4262?
2
What is the tens digit of 711?
1
What is the tens digit of 30657?
5
What is the tens digit of 79195?
9
What is the units digit of 31371?
1
What is the tens digit of 6829?
2
What is the hundreds digit of 188?
1
What is the units digit of 19071?
1
What is the thousands digit of 91772?
1
What is the units digit of 2531?
1
What is the tens digit of 631?
3
What is the ten thousands digit of 21272?
2
What is the thousands digit of 1232?
1
What is the units digit of 7872?
2
What is the tens digit of 937?
3
What is the thousands digit of 2269?
2
What is the ten thousands digit of 15482?
1
What is the tens digit of 726?
2
What is the units digit of 142155?
5
What is the thousands digit of 85608?
5
What is the tens digit of 870?
7
What is the units digit of 92507?
7
What is the thousands digit of 1592?
1
What is the thousands digit of 7096?
7
What is the units digit of 9180?
0
What is the thousands digit of 5168?
5
What is the hundreds digit of 72946?
9
What is the ten thousands digit of 77131?
7
What is the tens digit of 181?
8
What is the thousands digit of 31136?
1
What is the tens digit of 166?
6
What is the units digit of 42176?
6
What is the hundreds digit of 912?
9
What is the units digit of 854?
4
What is the hundreds digit of 327?
3
What is the thousands digit of 11154?
1
What is the units digit of 5884?
4
What is the units digit of 3241?
1
What is the units digit of 3252?
2
What is the units digit of 201?
1
What is the tens digit of 63164?
6
What is the tens digit of 4719?
1
What is the units digit of 1281?
1
What is the tens digit of 8721?
2
What is the units digit of 1984?
4
What is the tens digit of 32631?
3
What is the hundreds digit of 1622?
6
What is the thousands digit of 10224?
0
What is the tens digit of 1498?
9
What is the tens digit of 59205?
0
What is the tens digit of 900?
0
What is the hundreds digit of 28274?
2
What is the units digit of 13732?
2
What is the hundreds digit of 7740?
7
What is the units digit of 24768?
8
What is the thousands digit of 1371?
1
What is the thousands digit of 1974?
1
What is the thousands digit of 2096?
2
What is the ten thousands digit of 103464?
0
What is the tens digit of 7675?
7
What is the units digit of 5626?
6
What is the hundreds digit of 3783?
7
What is the hundreds digit of 1921?
9
What is the thousands digit of 1314?
1
What is the thousands digit of 3285?
3
What is the ten thousands digit of 15654?
1
What is the tens digit of 1560?
6
What is the hundreds digit of 6452?
4
What is the units digit of 18334?
4
What is the tens digit of 938?
3
What is the hundreds digit of 11217?
2
What is the tens digit of 2677?
7
What is the units digit of 36412?
2
What is the hundreds digit of 204?
2
What is the thousands digit of 1009?
1
What is the thousands digit of 12100?
2
What is the units digit of 26371?
1
What is the thousands digit of 3177?
3
What is the tens digit of 37673?
7
What is the thousands digit of 9527?
9
What is the thousands digit of 49850?
9
What is the units digit of 5923?
3
What is the units digit of 88314?
4
What is the tens digit of 31?
3
What is the units digit of 24724?
4
What is the units digit of 89503?
3
What is the tens digit of 55151?
5
What is the hundreds digit of 8831?
8
What is the thousands digit of 16235?
6
What is the thousands digit of 1295?
1
What is the tens digit of 37807?
0
What is the thousands digit of 6789?
6
What is the tens digit of 25355?
5
What is the tens digit of 962?
6
What is the units digit of 4858?
8
What is the units digit of 2534?
4
What is the thousands digit of 108227?
8
What is the tens digit of 651?
5
What is the tens digit of 22